22. Let i = 18 - s. What is the tens digit of i/7 - -27*1?
2
Let j(q) = -8*q + 152. What is the tens digit of j(-24)?
4
Suppose -4*b + 6323 - 19 = -d, -d + 1581 = b. What is the thousands digit of b?
1
Let o(j) = 118*j**3 - 2*j**2 + 16*j - 50. What is the thousands digit of o(3)?
3
Suppose 3*h - 2*h + 2*c - 3 = 0, 0 = 4*h - 2*c - 12. Suppose 0 = q - h*q. Suppose -5*t + 57 - 22 = q. What is the units digit of t?
7
Let o(u) = -u**2 + u - 4. Let a be o(0). What is the tens digit of (a + (-30)/(-25))*-25?
7
Suppose 36*x - 438 = 33*x. Suppose -d = d - x. What is the units digit of d?
3
Let k = -24 - -45. Let d = k + -21. Suppose -2*h - 5*b + 111 = d, 0*h = -3*h - b + 160. What is the units digit of h?
3
Let p = 72 - -195. What is the units digit of p?
7
Suppose -6657 = -4*p + 2*n - 251, -n - 5 = 0. What is the thousands digit of p?
1
Suppose -322 = 6*z + 122. Let l = 118 - z. Suppose 141 = 5*m - j - 106, 4*m + 2*j = l. What is the units digit of m?
9
Suppose -4*r + z + 116 = 3*z, -2*z + 89 = 3*r. Suppose -129 = -q + r. What is the units digit of q?
6
Let b be 0 + -2 + (-2 - -1). Let n be ((-1)/(-3))/(1/(-3)). What is the tens digit of 7*(b - -1)*n?
1
Let r(i) = 335*i**2 + 34*i - 73. What is the units digit of r(2)?
5
Let q(a) = -146*a**3 - 4*a**2 + 2*a + 3. What is the tens digit of q(-2)?
5
Let l = 66 - 96. Let i be 3 + l/(-3) - 1. Suppose 0 = -2*y + y + i. What is the units digit of y?
2
Suppose 99*q - 27910 = 52676. What is the units digit of q?
4
Let t(y) = 3*y + 2. Let l be (8/4)/(2/(-9)). Let m be t(l). What is the units digit of 2/(-10) - 380/m?
5
Let n(b) = -b**2 + 6*b. Let i be n(5). Suppose -3 - i = -2*r. Suppose -2*q + r = -q + 5*o, 4*o = -5*q + 20. What is the units digit of q?
4
Suppose 0 = t + i + 103, -4*t - i - 411 = 13. Let f = t - -169. Suppose 2*v + 0*n - f = 2*n, 3*v + 3*n - 123 = 0. What is the tens digit of v?
3
What is the tens digit of (-35 - -1280)*-1*6/(-10)?
4
Let h(r) = r**2 + 2*r - 3. Suppose 0 = -x + 5*f - 10, 0*x - 23 = 4*x - 3*f. What is the tens digit of h(x)?
1
Let v(a) = 38*a**2 + 9*a - 147. What is the units digit of v(10)?
3
Let g be (572/91)/((-4)/(-14)). Suppose 17*p - g*p = 0. Suppose -4*l + l = -3*y + 90, p = -5*y + 2*l + 156. What is the units digit of y?
2
Let t(a) = 26*a + 422. What is the tens digit of t(0)?
2
Let u be 3*(0 - (0 - 5/3)). Suppose -t = u*k - 63 - 286, 5*t = -5. What is the units digit of k?
0
Suppose -9*y = 22*y - 4433. What is the hundreds digit of y?
1
Suppose -2*g - 8*g = -28400. Suppose 0 = -10*l + 20*l - g. What is the hundreds digit of l?
2
Suppose -5716 = -15*l + 11*l. What is the tens digit of l?
2
Let g(a) = -a**2 - 6*a + 2. Let x be g(-5). Suppose -3*t - 10 = -8*t. Suppose 0 = -2*p + x*u - 3*u - t, 14 = 2*p + 4*u. What is the units digit of p?
3
Let z = -667 - -469. Let p = z - -330. What is the tens digit of p?
3
Suppose 7*n - 3*n = 3*q - 1696, -3*q - 3*n = -1668. Let g = q - 398. What is the hundreds digit of g?
1
Let a(g) = g**3 - 7*g**2 - g + 4. Let d be a(7). What is the units digit of (d/(-6))/((-8)/(-304))?
9
Suppose 7*t - 3 - 137 = 0. Suppose t*c - 22*c + 84 = 0. What is the units digit of c?
2
Let p(b) = 49*b + 116. What is the tens digit of p(8)?
0
Suppose -2*x + 785 = 3*r - 1533, -5*r - x + 3875 = 0. What is the units digit of r?
6
Suppose -58*c + 41*c = -17034. What is the hundreds digit of c?
0
Let c(q) = -q**3 - 13*q**2 - 10*q - 7. Let z be c(-13). Let a = z - 48. What is the tens digit of a?
7
Let s(b) = -79*b + 135. What is the thousands digit of s(-26)?
2
Let w(s) = s**3 + 5*s**2 - 5*s + 6. Let v be w(-6). Suppose v*m = 3*m - 9. Let c(u) = 6*u. What is the units digit of c(m)?
8
Let y(s) = -s**2 + 5*s + 2. Suppose 4 = -0*j + j. What is the units digit of y(j)?
6
Let f(q) = 50*q**2 + 181*q - 4. What is the tens digit of f(4)?
2
Let z = 16 - 21. Let f(t) = 2 + t**3 + 6*t + 0 - 4 + 7*t**2. What is the tens digit of f(z)?
1
Suppose 0 = 2*t - t. Suppose -3*g + 6 = -t*g. Suppose 4*x - 4*z = g*x + 30, 2*x = z + 36. What is the tens digit of x?
1
Suppose 0 = -m - 3*c + 4018, -3*c - 251 = -m + 3779. What is the thousands digit of m?
4
Let a(l) = l + 5. Let v be a(-5). Let k(q) = -4 - q + 1 + v + 6. What is the units digit of k(0)?
3
Let k be ((-20)/(-25))/(2/10). Suppose u - k*u = -45. Suppose -38 = -u*v + 13*v. What is the units digit of v?
9
Let k(p) = -p**3 + 11*p**2 - 10*p + 3. Let h be k(10). Suppose -h*z = m - 4*z - 98, -m + 92 = -4*z. What is the tens digit of m/6*3/2?
2
Let t be (2*1)/((-9)/90). Let l(d) = d**3 + 21*d**2 + 20*d + 15. What is the tens digit of l(t)?
1
Let p = 337 + -25. What is the hundreds digit of p?
3
Let b(k) = k**2 + 9*k + 10. Let x be b(-7). Let t be 63/((-4)/16*x). Suppose 5*z + 25 = 0, 4*h - 4*z = -z + t. What is the units digit of h?
2
Let j = -588 + 593. Let f = -78 + 193. Suppose 0 = -5*i + 17 + 8, -j*h + 4*i + f = 0. What is the tens digit of h?
2
Let h = -35 - -28. Let y be (-4)/2 - (-42)/h. What is the units digit of y/(1 - -2 - 5)?
4
Suppose 11075 = 4*k + 5*t, -2750 = -k + 7*t - 2*t. What is the thousands digit of k?
2
Let x(t) = 53*t + 359. What is the hundreds digit of x(27)?
7
Let h = 7542 + -4060. What is the thousands digit of h?
3
Let i = 42 + -20. Let f = i - -4. Let v = 40 - f. What is the tens digit of v?
1
Let t = -54 - -303. What is the units digit of t?
9
Suppose p - 4*k = 2157, 2*p - 6*k = -k + 4317. What is the tens digit of p?
6
Let n be 618/18 + (3/3)/(-3). Suppose -b = -5*x - n, -2*x - x + 15 = 0. What is the units digit of b?
9
Let f be 22*9 + -2 + 5. Let i = -220 + 466. Suppose 3*r - f = 3*m, -m + 83 = 5*r - i. What is the units digit of r?
6
Let k(d) = d**2 - 9*d + 18. Let x be k(7). What is the tens digit of (x/8)/(2/(-8)) + 41?
3
Suppose -5*j + 0*j + h + 1783 = 0, -4*j = -3*h - 1433. What is the hundreds digit of j?
3
Suppose q + 4*u - 11 = 0, 2*q - 1 = -5*u + 21. Let b(t) = -t**2. Let n(d) = 7*d**2 - 10*d - 4. Let i(w) = 6*b(w) + n(w). What is the units digit of i(q)?
7
Let a be 1/2*-3*-2. Suppose -9*x = -a*x - 120. What is the tens digit of x?
2
Suppose -7*d + 4*u = -3*d - 4400, -3297 = -3*d + 4*u. What is the thousands digit of d?
1
Suppose -5*v + 0*v = 0. Let y(b) = -2 + 1 + v + 11*b. What is the tens digit of y(1)?
1
Suppose 1 + 5 = -2*a. Let g be (-14)/(-4) - a/(-2). Suppose h + g*h = 114. What is the units digit of h?
8
Suppose -n = -4*g - 3, 5*n = 4*g + 8 + 7. Let o be 3/(-2)*8/(-12) - 1. Suppose -w - 4*q = -4, n*w + 0*q + 5*q - 33 = o. What is the units digit of w?
6
Suppose -1076 = -4*b - 0*b. What is the hundreds digit of b?
2
Let m(j) = j**3 - 18*j**2 - 18*j + 16. Let t be m(19). Suppose 10*f - t = 5*f. What is the units digit of f?
7
Suppose -3689 = 3*i - 34*i. What is the tens digit of i?
1
What is the hundreds digit of 3724/20 - -2*5/(-50)?
1
Let d = -244 - -532. What is the tens digit of (-14)/3*d/(-28)?
4
Let z = 3061 + -1704. What is the hundreds digit of z?
3
Suppose -2*r + 34 = 2. Suppose 24 + r = 5*s. Suppose -3*k - 5*g = -44, 2*g - 5 = -k + s. What is the units digit of k?
3
Let p(o) = -o**2 - 1. Let k(v) = 7*v**2 + v - 5. Let a(f) = k(f) + 4*p(f). What is the tens digit of a(-3)?
1
Let g be 4 + 0/4 + -2. Suppose -2*f + f + g = 0. Suppose -f*x = x - 81. What is the units digit of x?
7
Let z(o) be the third derivative of o**5/60 + o**4/6 + 5*o**3/6 - 8*o**2 - 3. Let r(d) = d. Let f be r(-4). What is the units digit of z(f)?
5
Let k be 3/2 - (-228)/24. Let n(g) = -g**2 + 14*g - 18. What is the tens digit of n(k)?
1
Let p = -202 - -594. What is the tens digit of p?
9
Suppose 0*u + b - 5 = 5*u, -4*u + 20 = 4*b. Suppose u = 2*l + 3*l - 90. What is the units digit of l?
8
Let u be 2*((-9)/(-2) + 3). Let n be -1*u/(-3 + 0). Suppose -n*y - 2*s + 116 = 0, 12 + 64 = 3*y - 2*s. What is the units digit of y?
4
Suppose 5*f + 11 = j, f + 5*j = -f + 1. What is the units digit of (-138)/f + (-16 - -15)?
8
Suppose -5*d = -29 - 186. Suppose 0 = 2*g + 7 - d. What is the tens digit of g?
1
Let i(a) = 190*a - 10 + 5 + 1. What is the tens digit of i(1)?
8
Suppose -82 = 3*v + 4*s + 2, 4*s + 56 = -2*v. Suppose q - 2*q - 22 = -2*c, 3*q = -2*c - 34. What is the units digit of (-304)/q - 8/v?
2
Suppose 2*m - 13 = -o, -6*o + o + 3*m + 52 = 0. Suppose o*t = 10*t + 109. What is the units digit of t?
9
Let z = -8 + 